 the remainder when 2101 is divided by 950.
201
What is the remainder when 197595 is divided by 16466?
3
Calculate the remainder when 8011 is divided by 440.
91
What is the remainder when 2534 is divided by 142?
120
Calculate the remainder when 4070 is divided by 395.
120
Calculate the remainder when 2435 is divided by 164.
139
Calculate the remainder when 794 is divided by 746.
48
Calculate the remainder when 6740 is divided by 2216.
92
What is the remainder when 17944 is divided by 1121?
8
Calculate the remainder when 1840 is divided by 329.
195
What is the remainder when 160350 is divided by 20042?
14
What is the remainder when 21448 is divided by 3573?
10
What is the remainder when 108587 is divided by 15509?
24
What is the remainder when 24018 is divided by 572?
566
Calculate the remainder when 25028 is divided by 107.
97
Calculate the remainder when 1174038 is divided by 56.
54
What is the remainder when 746517 is divided by 8?
5
Calculate the remainder when 31491 is divided by 25.
16
What is the remainder when 1969 is divided by 59?
22
Calculate the remainder when 1813 is divided by 1748.
65
What is the remainder when 3946 is divided by 1277?
115
What is the remainder when 146302 is divided by 120?
22
What is the remainder when 146051 is divided by 13?
9
Calculate the remainder when 3702 is divided by 127.
19
Calculate the remainder when 393534 is divided by 25.
9
What is the remainder when 10160 is divided by 42?
38
What is the remainder when 1845393 is divided by 378?
375
What is the remainder when 318272 is divided by 3929?
23
Calculate the remainder when 64654 is divided by 60.
34
Calculate the remainder when 134609 is divided by 212.
201
Calculate the remainder when 72755 is divided by 36.
35
Calculate the remainder when 96824 is divided by 3338.
22
Calculate the remainder when 658955 is divided by 40.
35
What is the remainder when 6113614 is divided by 16?
14
What is the remainder when 47780 is divided by 2793?
299
Calculate the remainder when 126927 is divided by 4533.
3
What is the remainder when 49053 is divided by 12?
9
What is the remainder when 11146 is divided by 506?
14
What is the remainder when 13226 is divided by 735?
731
What is the remainder when 121595 is divided by 599?
597
What is the remainder when 270 is divided by 9?
0
Calculate the remainder when 2698 is divided by 12.
10
What is the remainder when 4861 is divided by 789?
127
What is the remainder when 34656 is divided by 17324?
8
Calculate the remainder when 5303 is divided by 987.
368
What is the remainder when 148700 is divided by 1582?
1574
Calculate the remainder when 529616 is divided by 45.
11
Calculate the remainder when 205252 is divided by 34.
28
What is the remainder when 3381 is divided by 96?
21
What is the remainder when 6011 is divided by 599?
21
Calculate the remainder when 13744 is divided by 2089.
1210
What is the remainder when 108927 is divided by 2055?
12
What is the remainder when 13437 is divided by 383?
32
What is the remainder when 7233 is divided by 216?
105
Calculate the remainder when 768 is divided by 655.
113
What is the remainder when 265212 is divided by 59?
7
What is the remainder when 8754 is divided by 159?
9
What is the remainder when 75613 is divided by 14?
13
What is the remainder when 6293524 is divided by 107?
105
What is the remainder when 4234 is divided by 2114?
6
Calculate the remainder when 26540 is divided by 5303.
25
What is the remainder when 2722695 is divided by 198?
195
What is the remainder when 103719 is divided by 459?
444
What is the remainder when 22420 is divided by 362?
338
What is the remainder when 129449 is divided by 64714?
21
What is the remainder when 21309 is divided by 484?
13
What is the remainder when 10942 is divided by 2176?
62
Calculate the remainder when 14271 is divided by 123.
3
Calculate the remainder when 6480 is divided by 2153.
21
Calculate the remainder when 324954 is divided by 160.
154
Calculate the remainder when 44459 is divided by 8889.
14
What is the remainder when 26474 is divided by 25?
24
Calculate the remainder when 16650 is divided by 196.
186
Calculate the remainder when 654970 is divided by 344.
338
Calculate the remainder when 1579406 is divided by 105.
101
Calculate the remainder when 22431 is divided by 7375.
306
Calculate the remainder when 4540 is divided by 383.
327
Calculate the remainder when 11772 is divided by 1468.
28
What is the remainder when 8312 is divided by 8291?
21
Calculate the remainder when 144823 is divided by 22.
19
Calculate the remainder when 25703 is divided by 1606.
7
Calculate the remainder when 167387 is divided by 18.
5
What is the remainder when 7598 is divided by 17?
16
Calculate the remainder when 5699 is divided by 151.
112
What is the remainder when 49742 is divided by 12434?
6
What is the remainder when 203567 is divided by 203539?
28
Calculate the remainder when 99 is divided by 57.
42
Calculate the remainder when 13812 is divided by 67.
10
What is the remainder when 1174 is divided by 1004?
170
What is the remainder when 6615 is divided by 59?
7
What is the remainder when 191222 is divided by 61?
48
Calculate the remainder when 243483 is divided by 81136.
75
Calculate the remainder when 37994 is divided by 15.
14
Calculate the remainder when 299102 is divided by 87.
83
Calculate the remainder when 287473 is divided by 667.
663
Calculate the remainder when 310473 is divided by 1965.
3
Calculate the remainder when 2154 is divided by 432.
426
What is the remainder when 7084 is divided by 416?
12
What is the remainder when 152210 is divided by 242?
234
Calculate the remainder when 17859 is divided by 167.
157
What is the remainder when 4029 is divided by 8?
5
Calculate the remainder when 66867 is divided by 13358.
77
Calculate the remainder when 5050 is divided by 2514.
22
Calculate the remainder when 23366 is divided by 354.
2
What is the remainder when 63099 is divided by 90?
9
What is the remainder when 49233 is divided by 26?
15
What is the remainder when 27942 is divided by 65?
57
What is the remainder when 7865 is divided by 68?
45
What is the remainder when 3044 is divided by 734?
108
Calculate the remainder when 6509 is divided by 1622.
21
What is the remainder when 7855 is divided by 75?
55
What is the remainder when 2359 is divided by 256?
55
What is the remainder when 8060 is divided by 2676?
32
What is the remainder when 238 is divided by 174?
64
Calculate the remainder when 3108 is divided by 2471.
637
Calculate the remainder when 2905 is divided by 2894.
11
What is the remainder when 71448 is divided by 153?
150
What is the remainder when 183267 is divided by 10?
7
Calculate the remainder when 585 is divided by 540.
45
What is the remainder when 818 is divided by 793?
25
What is the remainder when 24499 is divided by 320?
179
What is the remainder when 459409 is divided by 21?
13
Calculate the remainder when 187280 is divided by 996.
32
What is the remainder when 775137 is divided by 19?
13
Calculate the remainder when 92564 is divided by 33.
32
Calculate the remainder when 5139 is divided by 854.
15
Calculate the remainder when 2163 is divided by 703.
54
What is the remainder when 389097 is divided by 15?
12
Calculate the remainder when 380 is divided by 378.
2
Calculate the remainder when 809844 is divided by 703.
691
What is the remainder when 8220 is divided by 2654?
258
Calculate the remainder when 17233 is divided by 498.
301
What is the remainder when 3163 is divided by 15?
13
Calculate the remainder when 20323 is divided by 21.
16
Calculate the remainder when 23020 is divided by 1645.
1635
Calculate the remainder when 3473 is divided by 44.
41
Calculate the remainder when 11752 is divided by 2335.
77
Calculate the remainder when 248229 is divided by 12.
9
What is the remainder when 1373 is divided by 672?
29
Calculate the remainder when 53219 is divided by 150.
119
Calculate the remainder when 101488 is divided by 12682.
32
What is the remainder when 26763 is divided by 63?
51
Calculate the remainder when 369199 is divided by 163.
4
Calculate the remainder when 1055 is divided by 385.
285
Calculate the remainder when 159507 is divided by 11393.
5
What is the remainder when 55640 is divided by 208?
104
Calculate